
Let l(j) = 6*j**2 - 9*j - 14. Determine l(5).
91
Let i(b) = 7*b - 40. Give i(19).
93
Let i(g) = -g**2 - 6*g - 1. What is i(0)?
-1
Let z(u) = -u**3 + u + 1. Calculate z(0).
1
Let l(r) = -r**3 - 3*r**2 - r + 8. What is l(-5)?
63
Let p(l) = l**2 - 20*l + 33. What is p(18)?
-3
Let h(z) = -z**3 - 6*z**2 - 8*z - 3. What is h(-6)?
45
Let a(f) = f**2 + 7*f + 1. Determine a(-6).
-5
Let n(f) = -3*f**2 + 5*f + 2. What is n(-3)?
-40
Let m(r) = r**3 + 2*r**2 + 2*r + 71. What is m(0)?
71
Let u(j) = j**3 - 3*j - 2. Determine u(-2).
-4
Let i(h) = 8*h - 6. Calculate i(-3).
-30
Let q(i) = -35*i - 9. What is q(3)?
-114
Let k(b) = 7*b + 49. Give k(-11).
-28
Let x(w) = -w**2 - 2*w - 4. What is x(-3)?
-7
Let j(m) = m**3 + 12*m**2 + 23*m + 94. What is j(-11)?
-38
Let i(p) = -2*p**3 + p**2 + 4*p + 5. What is i(-2)?
17
Let x(q) = 6*q**2 - 7*q + 4. Calculate x(-4).
128
Let l(b) = b**3 - 11*b**2 + 27*b - 83. What is l(9)?
-2
Let j(m) = m**3 - 7*m**2 - 6*m + 6. Calculate j(8).
22
Let z(x) = 34*x - 55. Give z(2).
13
Let h(c) = -c**2 - 3*c + 27. What is h(4)?
-1
Let a(l) = l**3 - 9*l**2 + 9*l - 12. Calculate a(8).
-4
Let c(p) = -p**2 - 6*p + 4. Calculate c(-10).
-36
Let a(t) = -t**3 + 19*t**2 - 34*t - 4. Determine a(17).
-4
Let j(m) = 9*m**2 + 23*m - 2. What is j(-3)?
10
Let l(u) = u**3 - 7*u**2 + 12*u - 1. Calculate l(8).
159
Let x(z) = z - 1. Determine x(1).
0
Let a(h) = -h + 5. What is a(13)?
-8
Let a(n) = -52*n + 2. Give a(2).
-102
Let k(p) = 8*p - 52. Give k(11).
36
Let t(g) = 12*g + 5. What is t(9)?
113
Let v(y) = y**3 - 9*y**2 + 5*y + 7. What is v(8)?
-17
Let y(d) = -36*d**2 + 182*d - 4. Give y(5).
6
Let k(l) = -2*l**2 - 7*l + 1. Calculate k(-3).
4
Let y(q) = -q**3 + q**2 + q + 9. Determine y(0).
9
Let d(k) = -2*k**2 - 109*k + 52. What is d(-55)?
-3
Let o(m) = m**3 + 23*m**2 - 25*m - 24. Calculate o(-24).
0
Let q(l) = l + 5. Give q(2).
7
Let p(f) = -2*f**3 + 49*f**2 - 27*f + 88. Give p(24).
16
Let o(u) = 2*u**2 + 49*u - 186. Determine o(-28).
10
Let q(k) = -80*k + 157. Determine q(2).
-3
Let t(k) = 40*k + 4. What is t(1)?
44
Let y(l) = 6*l**2 + 2*l - 13. Give y(4).
91
Let a(t) = -3*t**2 + 2*t + 7. What is a(-3)?
-26
Let z(h) = -6*h + 76. Calculate z(15).
-14
Let z(b) = -b**3 - 13*b**2 - 15*b - 39. Determine z(-12).
-3
Let o(k) = -3*k - 7. Calculate o(-7).
14
Let p(i) = -2*i + 3. Give p(8).
-13
Let j(s) = s**3 - 20*s**2 - 3*s - 55. Calculate j(20).
-115
Let i(d) = 10*d + 9. Calculate i(-3).
-21
Let a(u) = 9*u + 1. Give a(0).
1
Let m(w) = -23*w + 228. Determine m(10).
-2
Let k(y) = y**3 + 6*y**2 - 3*y - 22. Calculate k(-5).
18
Let k(m) = -2*m**2 + 5*m - 4. Calculate k(4).
-16
Let z(b) = -25*b - 2. Give z(-1).
23
Let r(f) = f**2 + 16*f - 83. Give r(-20).
-3
Let i(g) = -g**3 - 2*g**2 - 9*g + 1. Give i(0).
1
Let v(i) = i**3 + 6*i**2 + 6*i - 7. Calculate v(-4).
1
Let b(z) = z**2 + z - 15. Give b(-8).
41
Let s(c) = -c**2 + 3*c + 17. What is s(7)?
-11
Let s(q) = 2*q**3 - 23*q**2 + 9*q + 9. Give s(11).
-13
Let t(v) = v**2 + v - 34. Calculate t(0).
-34
Let q(p) = 8*p - 27. Calculate q(3).
-3
Let j(r) = r**2 - 5*r - 15. What is j(8)?
9
Let k(s) = -s**3 - 32*s**2 + 37*s + 128. What is k(-33)?
-4
Let f(s) = s**2 + 12*s + 19. What is f(-8)?
-13
Let n(i) = -i**3 + 22*i**2 - 24*i + 51. Determine n(21).
-12
Let j(y) = y**3 + 8*y**2 - 22*y - 35. Calculate j(-9).
82
Let b(f) = -11*f**2 + 398*f - 82. What is b(36)?
-10
Let w(b) = 13*b - 1. Give w(-2).
-27
Let q(n) = n**2 - 57*n + 427. Calculate q(48).
-5
Let w(q) = -q**3 + 7*q - 2. Determine w(3).
-8
Let b(f) = 6*f - 5. Give b(0).
-5
Let a(v) = 5*v + 4. Determine a(-8).
-36
Let c(i) = -5*i**3 + 5*i**2 - 7*i - 11. Calculate c(-1).
6
Let o(w) = -13*w - 7. Give o(-1).
6
Let b(d) = d**3 - 5*d**2 - 10*d - 1. Calculate b(3).
-49
Let s(t) = 9*t - 12. What is s(1)?
-3
Let w(b) = b**3 - 6*b**2 - 2*b + 7. What is w(7)?
42
Let o(a) = a**3 + 5*a**2 - 12*a - 12. What is o(-7)?
-26
Let v(l) = 6*l**2 + 16*l - 9. Calculate v(-3).
-3
Let v(t) = t**2 + 18*t + 10. Calculate v(-15).
-35
Let s(x) = -5*x**3 + 3*x - 1. Give s(1).
-3
Let n(o) = -o**2 - 10*o - 13. What is n(-9)?
-4
Let z(i) = 2*i**2 - 71*i - 148. Give z(-2).
2
Let c(i) = i**2 + 6*i - 21. Give c(-9).
6
Let o(y) = -y**3 + 8*y**2 - 9*y - 2. Determine o(7).
-16
Let m(s) = s - 33. Calculate m(5).
-28
Let n(o) = o**3 + 7*o**2 - 10*o + 9. What is n(-8)?
25
Let i(t) = t**3 + 2*t**2 - 2*t + 5. Determine i(-2).
9
Let u(a) = a**3 + 25*a**2 + 83*a + 2. What is u(-21)?
23
Let t(a) = -a**2 + 6*a + 5. What is t(7)?
-2
Let k(b) = 6*b - 2. Give k(-4).
-26
Let x(f) = f**3 + 12*f**2 - 2*f - 17. What is x(-12)?
7
Let w(d) = d**3 - 3*d**2 - 12*d + 25. Calculate w(4).
-7
Let h(p) = -7*p - 44. What is h(-4)?
-16
Let p(i) = -i**2 + 19*i - 83. Determine p(7).
1
Let o(w) = -w**3 + 6*w**2 - 13*w + 72. Calculate o(6).
-6
Let c(z) = -2*z**2 + 10*z + 19. Determine c(8).
-29
Let z(v) = -60*v. What is z(-1)?
60
Let c(k) = -25*k**2. Determine c(1).
-25
Let l(z) = -17*z + 255. Calculate l(16).
-17
Let i(h) = h + 28. Determine i(-23).
5
Let k(f) = f**2 + 9*f - 1. Calculate k(-4).
-21
Let v(p) = -p**3 - 4*p**2 - p - 4. What is v(-4)?
0
Let w(u) = 2*u - 2. Determine w(3).
4
Let i(h) = -h**2 - 4*h + 11. What is i(2)?
-1
Let q(n) = n**2 + 14*n - 20. Give q(-16).
12
Let m(c) = -c**3 - 17*c**2 - 17*c - 40. Give m(-16).
-24
Let g(w) = 2*w - 15. Determine g(9).
3
Let q(d) = -d**2 - 15*d - 30. Give q(-14).
-16
Let t(b) = 7*b**2 - 12*b + 3. Determine t(4).
67
Let k(p) = 2*p**2 - 4. Calculate k(5).
46
Let i(m) = -m**3 + 7*m**2 - 9*m - 2. Determine i(2).
0
Let i(k) = k**3 - 2*k**2 - 4*k - 11. Calculate i(0).
-11
Let d(n) = 2*n**2 - 11*n. What is d(4)?
-12
Let w(t) = t**3 - 12*t**2 + 8*t + 11. What is w(12)?
107
Let u(i) = 3*i - 6. Give u(4).
6
Let y(w) = w + 6. Determine y(0).
6
Let q(z) = z**2 + 11*z - 13. Give q(-11).
-13
Let b(x) = x**3 - 10*x**2 + 8*x + 12. Determine b(9).
3
Let j(y) = -y**2 - 6*y + 14. Give j(-6).
14
Let n(a) = 7*a**2 - 5*a + 3. Calculate n(2).
21
Let t(n) = -23*n - 1. Give t(2).
-47
Let n(p) = p**2 - 3*p - 9. Give n(4).
-5
Let k(l) = -7*l + 25. Give k(5).
-10
Let m(i) = -5*i**2 - 26*i - 3. Give m(-5).
2
Let r(f) = 8*f + 34. Calculate r(-18).
-110
Let n(a) = -3*a + 4. Determine n(-4).
16
Let a(f) = -8*f + 2. Give a(4).
-30
Let k(l) = -6*l - 37. Give k(-12).
35
Let y(f) = -f**2 - 10*f - 1. Give y(-2).
15
Let z(p) = p**3 - 7*p**2 - 4*p - 3. What is z(8)?
29
Let l(d) = -d**3 + 9*d**2 + 2*d + 10. Calculate l(9).
28
Let z(v) = 4*v**2 - 263*v - 67. Calculate z(66).
-1
Let v(a) = -a**2 + 4*a + 5. Calculate v(-5).
-40
Let l(v) = v**2 - 20*v - 202. What is l(-7)?
-13
Let b(q) = -q**2 + q + 49. Calculate b(0).
49
Let c(b) = -b - 24. Calculate c(-17).
-7
Let c(a) = a**3 + 18*a**2 - 19*a - 1. Determine c(-19).
-1
Let f(i) = 3*i + 9. What is f(-6)?
-9
Let x(o) = 17*o - 168. Determine x(10).
2
Let p(c) = -78*c**3 - c**2 - 3*c - 2. Give p(-1).
78
Let r(d) = -6*d - 8. What is r(1)?
-14
Let m(v) = -33*v - 131. Calculate m(-4).
1
Let v(k) = -15*k + 17. Determine v(2).
-13
Let v(z) = 2*z**2 + 4*z - 8. Calculate v(2).
8
Let l(p) = -3*p**2 - 9*p - 16. Give l(-3).
-16
Let s(f) = -10*f + 75. Determine s(6).
15
Let z(n) = 28*n + 301. Calculate z(-11).
-7
Let p(f) = f**2 + f - 4. Give p(-4).
8
Let q(m) = -m**3 - 6*m**2 - m - 1. Determine q(-6).
5
Let w(y) = -y**2 + 12*y - 25. Give w(7).
10
Let a(x) = x**2 - 2. Determine a(-3).
7
Let g(r) = -r**3 + 4*r - 4. What is g(4)?
-52
Let m(k) = k**3 + 35*k**2 + 62*k - 126. Give m(-33).
6
Let d(s) = s**2 + 16*s + 66. What is d(-6)?
6
Let y(b) = -b**2 + 18*b - 28. Calculate y(19).
-47
Let q(p) = -14*p - 14. Calculate q(-3).
28
Let p(l) = l**3 - 10*l**2 - 14*l + 1. Calculate p(11).
-32
Let j(g) = -15*g**3 + 3*g**2 + 4*g. Determine j(-2).
124
Let l(o) = 10*o**2 - 73*o + 18. Give l(7).
-3
Let f(n) = 14*n + 177. Determine f(-10).
37
Let s(z) = 16*z**3 + 2*z - 1. What is s(1)?
17
Let z(b) = -104*b + 4. Determine z(0).
4
Let y(s) = -s**3 - 2*s**2 - 6*s - 13. Give y(-3).
14
Let f(b) = -15*b + 5. Determine f(7).
-100
Let r(w) = w**2 - 15*w + 47. Calculate r(9).
-7
Let s(g) = -7*g**2 - 42*g - 8. What is s(-7)?
-57
Let g(o) = 49*o - 41. Give g(1).
8
Let z(l) = l**2 + 8*l + 2. Give z(-8).
2
Let a(z) = 6*z**2 - z + 4. Give a(2).
26
Let w(l) = l**3 + 8*l**2 + 9*l + 2. Give w(-7).
-12
Let b(a) = -79*a**2 + 3*a +